+ 4?
-11
25 + -68 + -4 + 25
-22
Calculate 1 + 19 + (-5 - (-29 + 13 - -19)).
12
(0 - -13) + (57 + -60 - (-12 - -7))
15
Evaluate 22 - (1 + -11 + 28).
4
Calculate (-3 - 8) + 60 + -43.
6
6 - 5 - (0 - 5) - (1 - -17)
-12
Calculate 0 - -16 - (18 + 6).
-8
Calculate -8 + 4 + (-20 - -5) + -18 + 17.
-20
What is 2 - (4 + (-16 + 7 - 0))?
7
Evaluate (60 - (176 + -117)) + -1 + 1 + -31.
-30
-14 + (12 - 4) - (-19 - (-5 - 0))
8
Calculate 10 - (-14 + -17 + 49).
-8
What is -40 + 20 + -5 + 7 + (3 - -1)?
-14
Calculate (11 - 3) + -10 + 0 + -2.
-4
-11 + 3 - (4 + -3 + (-8 - -15))
-16
What is (64 - 28 - 16) + -19?
1
Calculate (-1 - -9 - 0) + (23 - 38) + 7.
0
(61 + -31 - 28) + -13 + (2 - 1)
-10
Calculate 6 - (34 + (28 - 45)).
-11
What is the value of -26 + (22 - 3 - -11)?
4
Evaluate 41 + -23 - (4 + -2).
16
Evaluate -25 - (-38 + (-23 - -13)).
23
1 - (-7 - (4 - 19) - (8 + 1))
2
What is -14 + -3 + -1 + (-2 - (-7 - -2))?
-15
Calculate (-24 + 2 + -3 - 3) + (-249 - -245).
-32
What is the value of 3 - ((7 - 12) + -8 - (-1 + 9))?
24
Evaluate (26 - (-13 - -27)) + -14.
-2
Evaluate (-254 - -248) + (21 - 2).
13
Evaluate 24 + (9 - (19 + -11)).
25
(-6 - -6) + (-8 - 19)
-27
Calculate -40 + (-41 - -24 - -26).
-31
What is the value of (6 - -26) + (5 - 46)?
-9
What is the value of (5 - -1) + -20 + 4 + 14?
4
(-2 - (-2 - (9 + -6 - 4))) + -20
-21
What is 8 + -2 + 6 + -19 + 4?
-3
What is 40 - -2 - (-6 + 6 + 7) - 8?
27
What is the value of 13 + -16 - -1 - 3?
-5
What is -28 + 23 + 0 + 16 + -3 + 0?
8
Calculate (-20 - -15) + -10 + 1 + 4 + 2.
-8
Calculate -6 - (3 + 0 + -6) - (2 + 1).
-6
Evaluate -23 + 34 + -4 + -11.
-4
Calculate (-16 - 5) + 14 + 14.
7
What is the value of 7 + (31 - 28) + 1 + 10?
21
Evaluate 6 + (1 - 4) + 4 + (3 - 1).
9
What is 2 - (-22 - -1) - 11?
12
Calculate 0 + (-15 - (17 + -13)) + 15.
-4
Calculate 1 - (0 + -6 + -5 + -2 + 5).
9
Calculate 2 - 13 - (12 - 17) - (-14 - -9).
-1
What is -13 + (36 - 15) - (-2 + 0)?
10
Calculate (13 - -8) + -29 - -15.
7
Calculate 18 - (8 - (2 - -8) - (0 - 5)).
15
What is 5 + (-15 - 1 - -10)?
-1
Calculate 66 + -75 - (-26 - 1).
18
(6 - (4 + -5)) + -3 + 1 + 7
12
0 + 1 + (-91 - -87)
-3
What is 5 + 1 + -7 + (-14 - -11) - 7?
-11
Evaluate -7 + -17 - -21 - (-5 + 3 - 0).
-1
(1 - -22) + (-14 - (-11 + 1 + -1))
20
Evaluate -20 + (8 - 1 - (-23 - -22)).
-12
(-7 - -1) + (5 - 8)
-9
What is 3 - (-10 - ((6 - 10) + -1))?
8
Calculate 2 - -4 - (29 + -19).
-4
Calculate (-24 - -34) + 0 + 1 + (7 - -3).
21
What is the value of (21 + -18 - 11) + 14?
6
Evaluate 41 + -42 - (1 + -1) - (-2 - 6).
7
What is the value of -5 + 37 + -4 + -16?
12
Calculate (10 - (6 + 10)) + 16.
10
-14 + -2 - (156 + -170)
-2
16 + 25 + -46 - -4
-1
Calculate (-1 - 0 - -4) + (40 - 44).
-1
Calculate -2 - 6 - (-9 - (5 + -14)).
-8
Calculate (15 - 40) + (10 - -18).
3
What is the value of 73 + -79 - (-1 + -8)?
3
Calculate (15 - ((-4 - -6) + 2) - -2) + -2.
11
Calculate -5 + (-14 + -15 - -19).
-15
Calculate -31 + 6 + 9 - -5 - -5.
-6
13 + (4 - 25 - -7) + -30 + 40
9
What is the value of -34 - -10 - (-25 + -13)?
14
What is the value of 742 + -735 + (-9 - -2) + -1?
-1
What is the value of 0 + (12 - 10) + 10?
12
What is the value of 2 - -16 - 11 - -12?
19
Calculate 24 - 21 - (4 - 5).
4
What is 3 + -1 - 7 - (-57 - -59)?
-7
(-6 - 3) + 2 + -1
-8
12 + (-5 - -30) + -26
11
What is 953 + -950 - (2 - -37)?
-36
Calculate -2 + (-3 - -1) - (6 + 1).
-11
Evaluate -8 + (0 - 15) + 11.
-12
Calculate -13 - (4 + 4 + (-50 - -2)).
27
Calculate 12 - -2 - 1 - 22.
-9
Calculate 465 - 485 - (-10 + 0).
-10
What is (-3 + 0 - (12 - 0)) + -145 + 135?
-25
14 + -7 - -1 - 23
-15
Calculate -3 + (13 - 7) - -8.
11
Evaluate -38 + (11 - (-29 - -9)).
-7
What is the value of 9 + -13 + 5 - (0 - 4)?
5
Calculate (-10 - (1 - (5 + -3))) + (4 - 2).
-7
What is the value of 27 - (14 - (23 + -16 + -7))?
13
What is 291 + -282 + -18 + -1?
-10
Calculate -387 + 395 - (-3 - 0).
11
What is the value of -9 + (2 - (0 - 8 - -11))?
-10
-35 + 13 + (11 - (3 - 0))
-14
Calculate 18 - -4 - (-105 - -103).
24
What is the value of 24 + (-10 - (4 + -6)) + -1?
15
Calculate 44 + -58 + (3 - (2 + -1) - 1).
-13
What is the value of 23 + (-30 - -16) - (-3 + 1)?
11
What is 29 - ((24 - 17) + 9)?
13
What is the value of 1 + (0 - -4 - -6) + 0 + 0?
11
Evaluate 27 - (27 + -7 + -5).
12
Calculate 8 + (-4 - (1 - 4)) + 5 + 2.
14
Calculate -18 - (9 + (-39 - -1)).
11
What is -6 - (-17 + 5) - 3 - (-4 - 0)?
7
What is -25 - -12 - -16 - 7?
-4
What is the value of -10 - (-15 + (-5 - -4) + -10)?
16
What is the value of -5 + (9 - -4 - (-2 - -8))?
2
Evaluate 10 + -14 + 15 + -8.
3
Calculate -1 + (-4 - -25) + -10.
10
Calculate (-3 - ((1 + -4 - -3) + -5)) + -2.
0
Evaluate 23 + 3 - (534 - 481).
-27
Calculate 23 + -4 + -19 + 16.
16
16 - 14 - (2 + 5 + 16)
-21
Calculate 34 + 8 + -3 + -11 + (-1 - 5).
22
What is 1 + (-12 - 12 - -39)?
16
-5 + 9 + (6 - 8) + -4
-2
What is -7 + 6 + -3 + (-7 - -12) - 2?
-1
What is -19 + -31 + 43 + (-1 - -14)?
6
(2 + 6 + -1 - 9) + 7
5
What is (4 - (8 - (-12 + 6))) + 36 - 7?
19
Evaluate -56 + 1 + -12 + 27 - -11.
-29
Calculate (-9 - -5) + 24 + (2 - 6) + 1.
17
Evaluate 30 - 27 - (-7 + -4 + -1).
15
Evaluate -11 + 1 + (39 - 36) + 2 + 1.
-4
What is the value of -6 + -1 + 12 + (10 - -9) + -40?
-16
What is 4 + (-8 - (-9 + 7)) + 5 + -11?
-8
Calculate (4 - (-7 - (-10 + 0))) + 8 + -21.
-12
(5 - (1 + -2)) + (48 - 35 - 2)
17
What is the value of -6 - ((-33 - -25) + 3 + 3)?
-4
15 - (8 - (5 + (-4 - -3) + -3))
8
Evaluate 12 + (-5 - -1) - -5.
13
Calculate -11 - 14 - (-59 + 27).
7
What is -17 - -3 - (-20 - -7) - (-2 + 8)?
-7
What is 49 + -71 + (4 - 2) + 2?
-18
What is the value of 4 + (-9 - -30) + -12?
13
What is (-2 - -3 - 3) + (-34 + 8 - -41)?
13
Evaluate (2 + 12 - 17) + -3.
-6
Calculate -1 + -3 + -10 + 20 + (2 - 3).
5
Evaluate 0 - (5 + (2 - -3 - 1)).
-9
Calculate (11 - (-1 - -1)) + (29 - (69 - 3)).
-26
Evaluate (0 - 2 - 1) + 1 - (-21 - -31).
-12
(7 + 1 - (-1 + -8)) + -35
-18
-1 - 5 - (-11 + (13 - -8))
-16
27 + -13 + -20 + 30
24
(4 - (-13 + 0)) + (0 - (1 - 1))
17
Calculate (-26 - 17) + 23 - -30.
10
Calculate 9 + -25 + 11 + 7.
2
What is the value of -1 - (20 + 2 - (-20 - -4 - -15))?
-24
Calculate -3772 + 3812 + 1 + -29.
12
Calculate 0 + -8 + -11 + 5.
-14
What is -20 + 4 - (-32 + 14)?
2
What is -20 + 2 + (1 - 1) - (-21 - -16)?
-13
0 + 2 + (-6 - (-11 - -2)) + 1
6
6 - 2 - (14 - 38 - -21) - -3
10
Calculate -3 + 4 - (2 + (-6 - -1)) - -2.
6
What is 8 - (-25 - (-4 - (-4 + 12)))?
21
What is the value of (-25 - -32 - (-3 + 0)) + -14?
-4
Evaluate (-2 - -1) + 3 + -4 + 5 + -8.
-5
What is the value of -8 + (4 - -2 - (-3 - (-5 + -1)))?
-5
Calculate (3 - (34 + (0 - 2))) + (118 - 114).
-25
What is (18 - (-4 - -10)) + -2?
10
What is 2 + (3 - (-9 + 11) - 8)?
-5
-11 - (37 - 38 - -10)
-20
What is -32 + 3 - -38 - (29 + -1)?
-19
4 + -21 + 26 + (1 - 6) + 1
5
What is -2 - (-19 + 25 + -14)?
6
What is 20 + (37 - 24) + -12?
21
What is (-18 - -14) + (30 - 25) + (0 - 7)?
-6
What is the value of 10 + (8 - 25) - -5 - (0 + -11)?
9
Calculate -13 + (9 - -8) + 5 + -1.
8
Evaluate -5 - 0 - (19 - (14 - -17)).
7
-5 + (-12 + (-3 - -13) - -4)
-3
(-232 - -229) + (0 - (0 - 2) - -4)
3
Calculate -3 + -1 + (28 + -3 - 31).
-10
What is the value of -18 - (1 + (1 - -1) - (-19 + 20))?
-20
18 - 8 - (-1 - 0 - 1)
12
Calculate (149 - 153) + (-2 - 0).
-6
(-2 - 4) + 26 - -7
27
23 - (1 - -22) - 17
-17
Evaluate (-15 - -10) + 1 + 0.
-4
Evaluate (-3 + 1 - -8) + -17 + 47 + -12.
24
Evaluate (-2 - -6 - (10 + 5)) + -1 + 4.
-8
What is -7 + 3 + (-9 - -1) + -1?
-13
What is the value of (-7 - (0 - (-3 - -8))) + -3?
-5
Calculate 3 - 6 - (-8 + (1 - -9) + -5).
0
(-2 - (-4 - -8)) + 43 + 3 + -8
32
What is 10 - (-4 + 8) - (-4 + (-5 - -12))?
3
Calculate (10 - 31) + (2 - 1 - -14).
-6
Calculate (-3 - 29) + 20 - -16.
4
((-8 - 3) + (1 - -1) - -3) + 6
0
Evaluate -17 + 13 - (-13 + 0 + 0 + -1).
10
What is -15 + (-7 - (18 - 9)) + 44?
13
What is (23 - 52) + 30 - (-5 + -1)?
7
What is the value of 8 + (4 + -14 - -20 - 1)?
17
What is 39 + (-7 - (6 + -7) - 4) - 12?
17
What is the value of (4 - (4 + 11)) + 17 + 0 + 0?
6
-22 + -13 + 34 + -11
-12
Evaluate 34 + -15 + (23 - 23).
19
What is the value of 9 + -2 + 2 + -13 + 31 - 8?
19
What is (10 - 12) + 12 - 0?
10
What is 11 + (13 - 27) - (4 - 1)?
-6
5 + -1 + (-15 - 2) + 24
11
What is the value of 4 + (-3 - -1) - (-3 + 21 + -5)?
-11
What is -25 -